 divisor of i and 68?
68
Suppose -4*r + 2*l = -38, -2*l = 68*r - 63*r - 43. Calculate the greatest common factor of r and 9081.
9
Let h be (-51)/(-34) - (-9)/(-6). Let z(u) = -2*u + 25. Let r be z(h). What is the highest common divisor of r and 125?
25
Let j(f) = -f**3 - 11*f**2 - 9*f - 963. Let t be j(-20). Calculate the highest common factor of t and 72.
9
Let h = 466 - 461. Suppose 101 = 4*z + h*k, -5*z + 24*k + 157 = 20*k. What is the greatest common factor of 3 and z?
1
Suppose 3*t = -4*i + 1909, 4*i - 9*i = -2*t - 2346. What is the greatest common factor of i and 28?
4
Let c(z) = 4*z - z**2 + 2*z**2 + 4*z - 13. Let b be (-8)/4*(-44)/(-8). Let f be c(b). What is the greatest common divisor of f and 100?
20
Let j = 281611 + -281592. Suppose 547 = s - 2*u, 4*u = s + 3*s - 2196. Calculate the greatest common divisor of s and j.
19
Suppose 2*t + 2*t + 24 = 0. Let r be (t/2)/(3/(-27)). Let m = 1424 - 1421. What is the highest common factor of m and r?
3
Suppose 431 = -11*t - 9. Let s be (t - -7)*455/(-15). Calculate the greatest common factor of s and 91.
91
Let f be (0 + (-4)/(-8))*12. Suppose -c + 38 - 23 = 0. Suppose -2*l + c + 85 = 2*s, -s = -2. Calculate the highest common divisor of l and f.
6
Suppose c = -4*z - 2*c + 1117, 846 = 3*z + 5*c. Suppose 4*n - 2*n = -8, -5*n + z = 3*x. What is the highest common divisor of x and 66?
33
Let d(p) = -p**3 - 7*p**2 - 5*p + 8. Let g be d(-6). Let x = -115 - -109. Let v be ((-8)/x)/(12/18). Calculate the highest common divisor of g and v.
2
Suppose 25*g = 963 - 713. Calculate the greatest common divisor of g and 61380.
10
Suppose 4*d + 195392 = 4*c, -296*d - 146543 = -3*c - 292*d. What is the highest common factor of c and 57?
57
Suppose -q - 5*z = -13, -19 = -28*q + 27*q - 4*z. What is the greatest common factor of q and 5891?
43
Let w = 90 - 76. Suppose 10*s = w*s - 400. Calculate the greatest common factor of 10 and s.
10
Let c be (0 - 0)*10/50. Suppose -64*s - 8*s + 5184 = c. What is the greatest common divisor of 24 and s?
24
Let g(n) = 2*n**2 + 43*n + 2011. Let t be g(-76). What is the greatest common factor of t and 145?
145
Let d = 25 + -15. Suppose -u + 3 = 1. Suppose -5*a + 500 = 5*x, u*x + 2*x = -3*a + 300. What is the greatest common factor of a and d?
10
Let a(n) = 3*n + 17. Let c be a(18). Let r = c + -63. What is the highest common divisor of r and 184?
8
Suppose -320 = 49*c - 54*c. Let s = c + -49. Suppose 0*m = -5*m - s, -3*o + 15 = -4*m. What is the greatest common divisor of 11 and o?
1
Suppose -p = -n + 234, -430 = -3*n + 5*p + 272. Let d = n - 135. What is the greatest common divisor of 11 and d?
11
Suppose -493682 = -440*o + 261*o. Calculate the greatest common factor of 6 and o.
2
Let l = 97 + 1. Let h be 1/4 + 12/16 - -4. Let k = h - -9. What is the highest common divisor of l and k?
14
Let a be ((-2)/(-7) - 2/14) + 878208/16009. Calculate the greatest common factor of 1034 and a.
11
Suppose -27 = -n + 5*b, 5*n - 5*b = 9*n + 17. Suppose 4*y - m - n*m - 132 = 0, y + 5*m - 56 = 0. Calculate the greatest common factor of y and 54.
18
Let k(p) be the second derivative of 11*p**5/20 - p**4/12 - p**3/2 + p**2 + 3*p. Let y be k(2). Let u = 38 + -18. What is the greatest common factor of y and u?
20
Let h(n) = -952*n + 8784. Let k be h(6). Calculate the greatest common divisor of 60 and k.
12
Suppose 68*v = 59*v + 27. Suppose 3*z = -3*p + 1653, -v*p - 4*z - 1660 = -6*p. Calculate the greatest common factor of 69 and p.
69
Let l be 26220/342 + (-2 + 0/(-1))/3. Calculate the highest common factor of l and 6156.
76
Let b(j) be the third derivative of -j**4/6 + 5*j**3/3 + 61*j**2. Let g be b(-3). What is the greatest common factor of g and 4?
2
Suppose -310 + 989 = l - 3*o, 0 = -l + 5*o + 687. Let t = -656 + l. Calculate the highest common factor of 77 and t.
11
Let o be (-18)/225*5 - 3084/(-10). What is the greatest common factor of 572 and o?
44
Let u be (0 + 3)*44/(-132). Let z be 13/65 - u/(-5)*-219. Calculate the greatest common factor of z and 22.
22
Suppose -224*i + 5150 = -15*i - 3210. What is the highest common factor of i and 1380?
20
Let h be -6 - ((-2796)/2)/3 - -4. Let z(s) = -s**2 - 8*s + 9. Let t be z(-7). What is the highest common divisor of t and h?
16
Let x be 2 + 3 + ((-36)/9 - -549). Suppose 2592 = x*t - 544*t. What is the highest common factor of t and 48?
48
Suppose -2*a + 7 = -7. Let r(f) = 275 - 338 - 147 + 37*f. Let b be r(7). Calculate the highest common divisor of a and b.
7
Suppose -10*t - 342 = -7*t. Let c be t/4*-2 + -1. Suppose f - c = -4*y, 3*y + 8*f = 3*f + 59. Calculate the highest common divisor of 13 and y.
13
Let s(t) = -3*t**3 - 14*t**2 - 8*t + 2. Let h be s(-6). Let u = -50 + h. What is the greatest common factor of u and 9?
9
Suppose -2*c + 837*a - 832*a + 224 = 0, 448 = 4*c + 4*a. Calculate the highest common factor of 2492 and c.
28
Suppose 0 = -4*d + 32 - 28. Let y(u) = -u**2 + 12*u + 50. Let a be y(-3). What is the highest common factor of a and d?
1
Suppose 4*p = 4*k - 24, -3 = -10*p + 7*p. Suppose 29 = 5*j + h, 5*h + 16 = 4*j + 4*h. Suppose -j*m + 316 = 1. Calculate the greatest common factor of m and k.
7
Let k be 8/(-18)*((-3611)/46 + 47). Suppose 4*h - 5*z = h + 131, -z + 83 = 2*h. What is the greatest common divisor of k and h?
14
Let b = -12014 + 13146. Calculate the greatest common divisor of b and 12.
4
Let q be (-1 - (-5 + 3))*(4 + -8). Let r(t) = 25*t**2 + 6*t + 15. Let y be r(q). What is the highest common factor of 23 and y?
23
Suppose -2*v + 1 = -b, v - 5 = -3*v + b. Let d be (-1 + -59)*v/(-3). Suppose 8*y - 4*y - d = 0. What is the highest common factor of 10 and y?
10
Suppose 3*g - 12 = 3*u, -140*u - g = -136*u - 14. What is the highest common divisor of 4906 and u?
2
Let m be 148/5 - (2 - ((-168)/(-70))/1). Calculate the greatest common factor of 1506 and m.
6
Let p be (3946/7 - 6/(-21))*(-25)/(-75). What is the highest common divisor of p and 2444?
188
Suppose -25 = 26*y - 31*y. Suppose -y*j + 53 + 22 = -3*a, -5*a - 1 = 2*j. Calculate the highest common factor of j and 876.
12
Let r(b) = b**3 + b**2 - 6*b + 6. Let h be r(1). Suppose -x + 4 = -0. Let m be (x - (-5)/1) + h. Calculate the highest common divisor of 44 and m.
11
Let m(k) = -24*k + 1. Let c be m(-1). Suppose 0 = -10*h - 89 - 1581. Let y = h - -192. What is the highest common divisor of c and y?
25
Suppose -6*f - 252 = 23*d - 27*d, -151 = -3*d - 5*f. Calculate the greatest common divisor of 2793 and d.
57
Let k(s) = 422*s - 6737. Let f be k(19). Calculate the greatest common factor of 231 and f.
21
Suppose 15*d - 4*d = -22. Let a(k) = -10*k - 9. Let j be a(d). What is the highest common factor of j and 99?
11
Suppose 168*r + 910 = 163*r. Let b = 658 - r. What is the greatest common factor of b and 70?
70
Suppose 0 = -890*b + 897*b - 84. Let h be b*(244/10)/(6/5). Calculate the greatest common divisor of h and 305.
61
Suppose 0*l = 4*l - 44. Let z(g) = 13*g - 175. Let y be z(38). What is the highest common divisor of y and l?
11
Suppose 3*i + 0*i - 3*k - 1527 = 0, -i - k = -517. Let l = -5936 + 5963. Calculate the greatest common divisor of l and i.
27
Let l be 12/18 - 62/(-6). Suppose -4*k = -2*h, -6*h + h = 4*k. Let c be k/2 + -1*(-43 + -1). Calculate the highest common factor of c and l.
11
Let u = -266 + 103. Let a = -65 - u. Calculate the greatest common divisor of 28 and a.
14
Let k = -126 + 200. Suppose 8*x - 27 + 4 = -7. Calculate the highest common factor of x and k.
2
Let m(p) = -3*p**2. Let u be m(1). Let c be (u - 1)/28 + (-5940)/(-28). Let s be c/(-12)*-7*3. What is the highest common factor of 53 and s?
53
Suppose -2*b + 3*k + 42 = 0, 11*k + 70 = -2*b - 28. Suppose 3*p = -4*l + 80, 28 + 24 = 2*p + 2*l. Calculate the greatest common factor of p and b.
6
Let b(k) be the first derivative of 15*k**3 - 5*k**2/2 + 4*k - 78. Let d be b(1). Calculate the highest common factor of 11 and d.
11
Let z(x) = 4*x**3 - 6*x**2 - 28*x - 6. Let b be z(7). Suppose -12*y + 876 = -8*y + 4*a, 4*y = -5*a + b. Calculate the greatest common divisor of 365 and y.
73
Suppose -5*o - 16 = -776. Suppose -v - 4*r + 60 = 0, -2*v - v = -2*r - o. What is the highest common factor of 8 and v?
4
Suppose -3*o = -3*g - 5703, 18 = 4*g + 30. Calculate the greatest common divisor of 260 an